86709?
False
Does 10 divide 72750?
True
Is 10917400 a multiple of 884?
True
Is 906746 a multiple of 360?
False
Is 112971 a multiple of 50?
False
Does 18 divide 4899?
False
Does 17 divide 86198?
False
Does 148 divide 178340?
True
Does 62 divide 374176?
False
Is 5051540 a multiple of 13?
True
Does 17 divide 136095?
False
Does 175 divide 6220725?
True
Is 183391 a multiple of 128?
False
Is 24 a factor of 193158?
False
Does 78 divide 577455?
False
Is 520 a factor of 2199600?
True
Is 720000 a multiple of 80?
True
Is 12 a factor of 189839?
False
Does 62 divide 7254?
True
Does 113 divide 15705?
False
Is 1862703 a multiple of 89?
False
Is 2691561 a multiple of 257?
True
Is 463 a factor of 2089795?
False
Does 998 divide 851250?
False
Does 400 divide 225200?
True
Is 4 a factor of 1857436?
True
Does 16 divide 12392576?
True
Is 107 a factor of 186608?
True
Is 258 a factor of 10731944?
False
Is 2514625 a multiple of 17?
False
Is 5 a factor of 30865?
True
Is 464313 a multiple of 111?
True
Does 6 divide 728074?
False
Is 4230395 a multiple of 21?
False
Does 267 divide 556998?
False
Does 71 divide 293367?
False
Does 1190 divide 10774717?
False
Does 36 divide 318888?
True
Does 355 divide 364120?
False
Does 9 divide 233720?
False
Does 200 divide 4093989?
False
Is 10510312 a multiple of 29?
False
Is 3 a factor of 18477?
True
Does 49 divide 584178?
True
Is 216918 a multiple of 117?
True
Does 10 divide 944500?
True
Is 4235653 a multiple of 527?
False
Does 120 divide 821501?
False
Is 15 a factor of 4797300?
True
Is 114 a factor of 521732?
False
Is 814 a factor of 7046798?
True
Is 28366815 a multiple of 656?
False
Is 294 a factor of 1352203?
False
Does 18 divide 1570626?
True
Is 61984 a multiple of 298?
True
Is 2116712 a multiple of 188?
False
Does 50 divide 273120?
False
Is 1315552 a multiple of 32?
True
Is 624281 a multiple of 90?
False
Is 8 a factor of 699917?
False
Is 14 a factor of 36148?
True
Is 127 a factor of 1003808?
True
Is 140 a factor of 31057?
False
Is 137 a factor of 1955833?
False
Is 51492 a multiple of 613?
True
Is 16 a factor of 49554?
False
Is 223412 a multiple of 21?
False
Is 1072 a factor of 8522254?
False
Is 177635 a multiple of 35?
False
Is 1072925 even?
False
Is 1265467 a multiple of 13?
False
Does 25 divide 727902?
False
Is 303 a factor of 213918?
True
Is 1051407 a multiple of 27?
True
Is 1402774 a multiple of 188?
False
Is 2546234 a multiple of 2?
True
Does 314 divide 87920?
True
Is 6 a factor of 6507846?
True
Does 423 divide 3336875?
False
Is 131 a factor of 99691?
True
Does 21 divide 2458701?
True
Is 76665 a multiple of 177?
False
Does 15 divide 159915?
True
Does 41 divide 6887631?
True
Is 61908 a multiple of 67?
True
Does 24 divide 6111822?
False
Does 28 divide 405104?
True
Is 7 a factor of 3663614?
False
Is 1377 a factor of 14473647?
True
Does 7 divide 897125?
False
Is 164710 a multiple of 67?
False
Does 31 divide 3380378?
False
Does 68 divide 530604?
True
Is 858088 a multiple of 98?
True
Is 28 a factor of 4750060?
True
Is 1426 a factor of 5430490?
False
Is 202 a factor of 307040?
True
Is 2852793 a multiple of 171?
True
Is 89 a factor of 445456?
False
Does 29 divide 112621?
False
Is 73865 a multiple of 5?
True
Is 49277 a multiple of 21?
False
Is 587940 a multiple of 7?
False
Does 32 divide 107323?
False
Does 19 divide 6623267?
True
Is 59 a factor of 238301?
True
Is 201254 a multiple of 94?
True
Is 47485 a multiple of 36?
False
Is 122 a factor of 1651421?
False
Is 14468 a multiple of 11?
False
Is 5009430 a multiple of 1110?
True
Is 81377 a multiple of 19?
True
Is 15 a factor of 975558?
False
Is 24 a factor of 22704?
True
Is 1298892 a multiple of 21?
True
Is 53352 a multiple of 117?
True
Does 105 divide 45688?
False
Is 35 a factor of 1768130?
True
Is 143220 a multiple of 310?
True
Is 528710 a multiple of 130?
True
Is 147 a factor of 372468?
False
Is 3242820 a multiple of 294?
True
Is 682881 a multiple of 4?
False
Is 333361 a multiple of 7?
True
Is 11 a factor of 16929?
True
Does 24 divide 80976?
True
Is 157 a factor of 4630349?
False
Is 125 a factor of 2309675?
False
Does 85 divide 316257?
False
Is 124099 a multiple of 90?
False
Does 1340 divide 12514260?
True
Is 373541 a multiple of 43?
True
Does 4 divide 44248?
True
Is 29 a factor of 327207?
True
Does 382 divide 1135013?
False
Does 1247 divide 3831516?
False
Is 3 a factor of 303073?
False
Is 6800 a multiple of 340?
True
Is 244 a factor of 2718892?
True
Is 177 a factor of 63870?
False
Is 17248 a multiple of 114?
False
Is 134 a factor of 73700?
True
Is 76 a factor of 5478384?
True
Is 195 a factor of 88335?
True
Is 8988001 a multiple of 111?
False
Is 64100 a multiple of 38?
False
Is 613484 a multiple of 13?
False
Does 282 divide 1493190?
True
Does 91 divide 3549?
True
Is 36 a factor of 3029256?
True
Does 10 divide 9078107?
False
Does 6 divide 24312?
True
Is 24 a factor of 2048310?
False
Is 5258034 a multiple of 9?
True
Is 231036 a multiple of 12?
True
Does 51 divide 127321?
False
Is 5 a factor of 48264?
False
Is 760839 a multiple of 111?
False
Is 14 a factor of 1830486?
True
Is 93 a factor of 690179?
False
Does 136 divide 188930?
False
Is 97 a factor of 103014?
True
Is 85 a factor of 12497?
False
Is 32 a factor of 105064?
False
Is 25 a factor of 2698?
False
Is 51 a factor of 4728099?
False
Does 27 divide 3674781?
True
Is 2 a factor of 961018?
True
Is 1256348 a multiple of 1656?
False
Does 196 divide 523320?
True
Is 382 a factor of 166212?
False
Is 123 a factor of 6538311?
True
Is 749831 a multiple of 71?
True
Is 23 a factor of 6264280?
True
Is 45 a factor of 219735?
True
Is 42 a factor of 1273230?
True
Does 31 divide 1265885?
True
Is 135 a factor of 534777?
False
Is 7 a factor of 17207?
False
Does 8 divide 790072?
True
Does 35 divide 2236743?
False
Is 433 a factor of 83136?
True
Is 198 a factor of 613546?
False
Is 75 a factor of 1010400?
True
Does 13 divide 564070?
True
Is 1220316 a multiple of 36?
False
Is 59 a factor of 11280663?
False
Is 15 a factor of 43381?
False
Is 29 a factor of 261007?
False
Is 57138 a multiple of 89?
True
Does 433 divide 355048?
False
Is 438861 a multiple of 12?
False
Is 11 a factor of 197560?
True
Does 10 divide 670259?
False
Is 122 a factor of 293167?
False
Is 171 a factor of 1003550?
False
Does 97 divide 200790?
True
Does 13 divide 2079116?
True
Is 3950269 a multiple of 22?
False
Does 528 divide 217536?
True
Is 1865990 a multiple of 70?
True
Is 1638916 a multiple of 255?
False
Does 581 divide 778040?
False
Does 211 divide 4186024?
False
Is 676 a factor of 89232?
True
Does 21 divide 261841?
False
Does 11 divide 3354530?
False
Is 18 a factor of 2762892?
True
Does 35 divide 107625?
True
Is 42 a factor of 763153?
False
Is 8 a factor of 517537?
False
Is 19 a factor of 4347542?
True
Does 4 divide 17017?
False
Does 158 divide 2189248?
True
Is 737784 a multiple of 36?
True
Does 8 divide 601768?
True
Is 3984617 a multiple of 611?
False
Does 17 divide 4444745?
False
Does 39 divide 1959945?
True
Is 7091453 a multiple of 117?
False
Is 852624 a multiple of 37?
False
Is 59922 a multiple of 79?
False
Is 40453 a multiple of 276?
False
Is 79747 a multiple of 72?
False
Is 58 a factor of 3470314?
True
Is 6 a factor of 60737?
False
Does 486 divide 364986?
True
Is 14 a factor of 95564?
True
Is 7 a factor of 621327?
True
Is 19 a factor of 22949?
False
Is 56665 a multiple of 35?
True
Is 6684372 a multiple of 18?
True
Is 24 a factor of 376749?
False
Is 20 a factor of 312722?
False
Is 562 a factor of 864918?
True
Is 15 a factor of 373025?
False
Is 3600342 even?
True
Is 7 a factor of 31563?
True
Does 34 divide 76024?
True
Is 9730383 a multiple of 13?
True
Is 284 a factor of 511319?
False
Is 324 a factor of 1492012?
False
Is 402838 a multiple of 115?
False
Does 999 divide 11397591?
True
Is 214 a factor of 10913962?
False
Is 35100 a multiple of 52?
True
Is 411994 a multiple of 61?
True
Is 492495 a multiple of 302?
False
Is 33174 a multiple of 2?
True
Is 91 a factor of 1776998?
False
Is 190 a factor of 665380?
True
Is 2085984 a multiple of 12?
True
Does 21 divide 968940?
True
Does 308 divide 11531368?
False
Is 23 a factor of 960575?
False
Is 23 a factor of 203900?
False
Is 96 a factor of 238656?
True
Is 138284 a multiple of 382?
True
Is 17 a factor of 1115624?
False
Is 3511728 a multiple